or of g and 13.
13
Suppose -331*x + 336*x + 296 = 2*d, 4*d + 2*x = 520. Suppose -27 + 8 = -p. What is the highest common factor of d and p?
19
Suppose 1 = 2*x + 7, 3*x + 1784 = 5*k. Let w = -341 + k. Let h(j) = -j**2 - 7*j - 4. Let d be h(-6). What is the greatest common factor of d and w?
2
Let y = -2685 + 2814. Calculate the highest common divisor of 13287 and y.
129
Let f(k) = 18*k**2 + 171*k + 3338. Let j be f(-21). What is the highest common factor of j and 5?
5
Let n be 592/6 + (986/51)/58. Suppose 0 = -4*p + 177 - 45. Calculate the highest common factor of n and p.
33
Suppose 21*v - 2888 = 13*v. What is the greatest common divisor of v and 19?
19
Let g = -14 - -20. Let l be (6/4)/(g/32). Suppose 4*k + 20 = 0, -2*i + l*k + 135 = 3*k. What is the highest common divisor of 22 and i?
11
Let i be 6/(-39) + 3592/26. Suppose -1168 = -14*y + 120. Calculate the highest common divisor of y and i.
46
Let r(v) = 3*v + 19. Let m be r(-6). Suppose -m - 21 = -11*d. Suppose 0 = -d*i + 192 - 10. Calculate the greatest common divisor of 13 and i.
13
Suppose -134*o - 12285 = -139*o - 5*u, 0 = o - 4*u - 2452. What is the highest common factor of 4 and o?
4
Let u(t) = t**2 - 23*t - 381. Let b be u(-12). What is the highest common divisor of 481 and b?
13
Suppose 172*d - 182*d + 6580 = 0. What is the highest common divisor of d and 470?
94
Suppose 104*j + 95700 = 129*j. Calculate the highest common factor of 1056 and j.
132
Suppose -19*r + 9*r + 542 = -378. What is the greatest common divisor of r and 2438?
46
Let u be 2/(12/(-9) - -2). Suppose -u*p = -p - 56. Suppose -10*x + 32 = -38. Calculate the highest common factor of x and p.
7
Let t(d) = -d**3 - 6*d**2 - 25*d - 22. Let m be t(-8). Let f be 2/(-5) - (-92)/5. Calculate the highest common divisor of f and m.
18
Suppose -3*u = 7 - 22. Suppose 28 = 4*w - u*c, 0 = -6*w + 2*w - 2*c. Suppose 0 = -a - 5*y + 20, 1 = w*y - 1. Calculate the highest common factor of a and 75.
15
Suppose -36*m = -56*m + 90020. Suppose 0 = -58*n + 2749 + m. What is the greatest common divisor of n and 10?
5
Suppose 0 = -39*n + 43*n. Suppose r + 1 = 0, n = 3*a - 2*a - 2*r + 88. Let q be (-1470)/a + (-8)/6. What is the highest common divisor of q and 120?
15
Suppose 2*r - 3*t = 1, -5*r - 5*t - 35 = 25. Let o(z) = -13*z - 64. Let q be o(r). Let n be 4 + 4 + (-1 - -2). What is the highest common factor of n and q?
9
Let v = -18676 + 24847. Calculate the greatest common divisor of v and 17.
17
Let l = 61 - 43. Let d be (-64)/(-288) - (-2804)/l. Let a be (-84)/(-3 - -1) - 3. Calculate the highest common divisor of a and d.
39
Let r(c) = -2*c**3 + 4*c**2 - 5*c + 4. Let f be r(2). Let t be (f - (-91)/14)*260. What is the greatest common divisor of t and 26?
26
Suppose 2*r = -7*d + 12*d - 1649, -4*d + 1312 = 2*r. Calculate the highest common divisor of d and 141.
47
Suppose -62*m - 28*m + 18018 = 144*m. What is the greatest common divisor of m and 175?
7
Let r(u) = u**2 - 16*u + 14. Let p = 36 + -32. Suppose 2*a = 3*n + 5*a - 36, a = -p. Let h be r(n). What is the greatest common factor of h and 2?
2
Let m = 398 - 218. Let v = -173 + m. Calculate the greatest common factor of 14 and v.
7
Let i be 64832/144 + 6/(-27). Calculate the greatest common divisor of i and 3120.
30
Let z(k) = 71*k**2 + k + 9. Let v be z(-3). Let p = v - 379. What is the greatest common divisor of 14 and p?
14
Let r be 5/45 - ((-122300)/18)/5. Suppose -17*u + 12307 = r. Calculate the greatest common divisor of 28 and u.
28
Let q(j) = 3*j**2 + 3 + 6*j - j**3 + 9*j**2 - 11*j**2. Let p be q(3). Let g be p/9*-3 + 115. Calculate the highest common divisor of g and 76.
38
Let q(m) = -5*m**2 - 108*m - 490. Let t be q(-11). What is the greatest common divisor of t and 9021?
93
Suppose -v + 0*v = -28. Suppose 49 = -25*z + 224. Suppose z*s - 683 - 3 = 0. What is the greatest common factor of v and s?
14
Suppose 2*b - l = -673, 26*b = 28*b + 4*l + 688. Let v = -325 - b. What is the highest common factor of 2 and v?
1
Suppose -21*a - 349920 = -37*a. What is the highest common factor of 27 and a?
27
Suppose 0 = 2*m - 4*j + 2, 0 = -62*m + 64*m + j - 23. Calculate the greatest common factor of m and 3141.
9
Let g be 12/240*10 + 414/(-4). Let w = g - -115. Let x = -14 - -32. What is the greatest common divisor of x and w?
6
Suppose -5*i + 11*q + 13 = -167, -i - 5*q = -36. Calculate the greatest common factor of i and 19800.
36
Suppose -925 + 3605 = 10*m. What is the greatest common factor of 4 and m?
4
Let v be 17665/35 + (5/(-7) - -1). Suppose -5*q + v = -545. Calculate the highest common divisor of q and 42.
42
Let c(m) = 2*m**2 + 4*m - 6. Let g be c(-6). Suppose 5*z + 113 - 206 = o, -3*o = 9. Calculate the highest common factor of z and g.
6
Let l be 51/(-1) + (-39 - -39). Suppose -3*d + 2*o - 6 = 272, -o = -4. Let r = l - d. What is the highest common factor of r and 65?
13
Let s(a) = a**3 - 22*a**2 + 20*a - 410. Let g be s(22). Calculate the highest common factor of g and 2570.
10
Let f be (10*(-4)/(-32))/((-2)/208). Let w be (-14)/(-1)*(f/(-4))/13. What is the greatest common factor of 7 and w?
7
Let l = 5338 + -1678. Calculate the highest common divisor of 20 and l.
20
Suppose 4*t - 19 = -35. Let p be (9/t + 0)/(3/8). Let x be (-938)/(-21) + 2*(-1)/p. Calculate the greatest common divisor of x and 15.
15
Let b(r) = 35*r - 6 - 15*r - 19*r. Let v be b(33). Calculate the highest common factor of v and 432.
27
Let j(h) = -h**2 - 114*h - 2566. Let t be j(-31). Let m be -3 + (-5)/((-10)/(-4)). Let f = -4 - m. What is the greatest common factor of f and t?
1
Suppose -29 = -2*u - 5*o, 2*u + 77*o - 78*o = 35. Calculate the greatest common divisor of 10319 and u.
17
Let s = 655 - -429. Suppose -s = -50*a - 84. What is the highest common divisor of 40 and a?
20
Let l(k) be the third derivative of 19*k**5/60 - 5*k**4/12 + 19*k**3/6 - 15*k**2. Let h be l(3). What is the greatest common factor of h and 20?
20
Suppose -4*r + 494 + 369 = 143. What is the greatest common factor of r and 1530?
90
Suppose -431*y - 740 = -433*y - 4*g, 2*y - 738 = -5*g. Calculate the highest common factor of 66 and y.
22
Let s be -13 - 2402/(-22) - 2/11. Suppose 3*p + 12 = 3*r, 2*r = -2*r - 2*p + 4. Suppose -29 - 19 = -r*g. What is the greatest common factor of g and s?
24
Suppose 100 = 2*r + 2*b, 18*b = 5*r + 21*b - 240. Suppose -4*g - g + 2013 = 4*d, 3*d = -4*g + 1611. Calculate the highest common factor of r and g.
45
Let u = -786 - -906. Calculate the highest common factor of u and 30840.
120
Suppose 4*d + 0*k = 5*k + 1214, 2*d + 4*k - 594 = 0. Let s be 86*(3 + -7 - 20/(-4)). Calculate the greatest common factor of d and s.
43
Let z(j) = -326*j + 25. Let x be z(0). Calculate the greatest common factor of 175 and x.
25
Let a be (-60)/(-24)*114/5. Let c be -3*(-1 + (-44)/(-3)). Let g = c + a. What is the greatest common factor of g and 40?
8
Let v be 508/(-381) - (-1924)/3. What is the greatest common divisor of v and 384?
128
Let p(s) = -5*s - s - 4*s + 2*s + 10. Let w be p(-9). Suppose 0 = 5*h - 8*h - 3*g + 117, -2 = g. Calculate the highest common factor of w and h.
41
Let h(u) be the second derivative of -u**4/12 + u**3/2 + 47*u**2/2 - u - 2. Let c be h(8). What is the highest common factor of 63 and c?
7
Suppose -5*m + 525 - 15 = 0. Let z(a) = -2 - 233*a + 105*a + m*a. Let i be z(-1). What is the greatest common factor of 12 and i?
12
Suppose 0 = 2*g - 12*g. Suppose -3*n - 134 = -2*j, g = -j - 1 - 1. Let c = -32 - n. What is the greatest common factor of c and 70?
14
Let a(c) = -c**3 + 6*c**2 + c + 5. Let k be (-28 - -10)*2/(-6). Let f be a(k). Calculate the highest common divisor of 3 and f.
1
Suppose -28 = 6*p + 200. Let v = p - -80. What is the greatest common factor of v and 196?
14
Let z(p) = 2*p**3 - 20*p**2 + 47*p - 31. Let n be z(8). Calculate the greatest common factor of n and 18.
1
Suppose -19*p + 13591 = 5*g - 17*p, 0 = 2*g + 2*p - 5440. What is the greatest common factor of g and 22?
11
Let h be (103/(-2))/((-7)/14 + 0). Suppose 12 = -3*s, 8*r + 4*s - h = 7*r. What is the greatest common factor of r and 34?
17
Suppose -28*y - 18477 = -124322 - 8731. What is the greatest common factor of y and 1488?
372
Suppose 19*q - 13*q = 4*d - 130, 0 = -q - 7. Calculate the greatest common divisor of 99